{"version":"1.0","provider_name":"Medical Solidarity International","provider_url":"https:\/\/medical-solidarity.org\/de\/","author_name":"Sarah Schneider","author_url":"https:\/\/medical-solidarity.org\/de\/author\/sarah-schneidermedical-volunteers-org\/","title":"3. NORTHERN SERBIA ADVOCACY REPORT &#8212; Medical Solidarity International","type":"rich","width":600,"height":338,"html":"<blockquote class=\"wp-embedded-content\" data-secret=\"rZR3wGTpfm\"><a href=\"https:\/\/medical-solidarity.org\/de\/3-northern-serbia-advocacy-report\/\">3. NORTHERN SERBIA ADVOCACY REPORT<\/a><\/blockquote><iframe sandbox=\"allow-scripts\" security=\"restricted\" src=\"https:\/\/medical-solidarity.org\/de\/3-northern-serbia-advocacy-report\/embed\/#?secret=rZR3wGTpfm\" width=\"600\" height=\"338\" title=\"&#8222;3. NORTHERN SERBIA ADVOCACY REPORT&#8220; &#8211; Medical Solidarity International\" data-secret=\"rZR3wGTpfm\" frameborder=\"0\" marginwidth=\"0\" marginheight=\"0\" scrolling=\"no\" class=\"wp-embedded-content\"><\/iframe><script type=\"text\/javascript\">\n\/* <![CDATA[ *\/\n\/*! This file is auto-generated *\/\n!function(d,l){\"use strict\";l.querySelector&&d.addEventListener&&\"undefined\"!=typeof URL&&(d.wp=d.wp||{},d.wp.receiveEmbedMessage||(d.wp.receiveEmbedMessage=function(e){var t=e.data;if((t||t.secret||t.message||t.value)&&!\/[^a-zA-Z0-9]\/.test(t.secret)){for(var s,r,n,a=l.querySelectorAll('iframe[data-secret=\"'+t.secret+'\"]'),o=l.querySelectorAll('blockquote[data-secret=\"'+t.secret+'\"]'),c=new RegExp(\"^https?:$\",\"i\"),i=0;i<o.length;i++)o[i].style.display=\"none\";for(i=0;i<a.length;i++)s=a[i],e.source===s.contentWindow&&(s.removeAttribute(\"style\"),\"height\"===t.message?(1e3<(r=parseInt(t.value,10))?r=1e3:~~r<200&&(r=200),s.height=r):\"link\"===t.message&&(r=new URL(s.getAttribute(\"src\")),n=new URL(t.value),c.test(n.protocol))&&n.host===r.host&&l.activeElement===s&&(d.top.location.href=t.value))}},d.addEventListener(\"message\",d.wp.receiveEmbedMessage,!1),l.addEventListener(\"DOMContentLoaded\",function(){for(var e,t,s=l.querySelectorAll(\"iframe.wp-embedded-content\"),r=0;r<s.length;r++)(t=(e=s[r]).getAttribute(\"data-secret\"))||(t=Math.random().toString(36).substring(2,12),e.src+=\"#?secret=\"+t,e.setAttribute(\"data-secret\",t)),e.contentWindow.postMessage({message:\"ready\",secret:t},\"*\")},!1)))}(window,document);\n\/\/# sourceURL=https:\/\/medical-solidarity.org\/wp-includes\/js\/wp-embed.min.js\n\/* ]]> *\/\n<\/script>\n","description":"In diesem Bericht werden die Beobachtungen und Trends der allgemeinen politischen Entwicklung in Europa, Gewalt an den Grenzen und Ma\u00dfnahmen des serbischen Staates im Februar und M\u00e4rz 2023 in Bezug auf die Menschen, die in Nordserbien unterwegs sind, erl\u00e4utert. Es ist die dritte Ver\u00f6ffentlichung in einer Reihe von zweimonatlichen Berichten von Basisorganisationen, die entlang der [&hellip;]"}

In diesem Bericht werden die Beobachtungen und Trends der allgemeinen politischen Entwicklung in Europa, Gewalt an den Grenzen und Maßnahmen des serbischen Staates im Februar und März 2023 in Bezug auf die Menschen, die in Nordserbien unterwegs sind, erläutert. Es ist die dritte Veröffentlichung in einer Reihe von zweimonatlichen Berichten von Basisorganisationen, die entlang der [&hellip;]
